n base 16, what is -2 - -17de?
17dc
In base 4, what is -2003220 + 133?
-2003021
In base 12, what is 5 + -19210?
-19207
In base 9, what is -3371 - 12?
-3383
In base 4, what is -132013231 - 11?
-132013302
In base 2, what is -101 + -1011101101110000?
-1011101101110101
In base 15, what is -31 - 43d?
-46e
In base 13, what is a2 - 49?
56
In base 4, what is 10 + -233211?
-233201
In base 6, what is -3 - -421311?
421304
In base 7, what is -130424 + 2?
-130422
In base 10, what is -466 + -313?
-779
In base 16, what is -1da - -26?
-1b4
In base 2, what is 1011111 - 1110011101?
-1100111110
In base 5, what is 130342420 + -10?
130342410
In base 16, what is 75 + -5fa?
-585
In base 11, what is -419512 + 3?
-41950a
In base 5, what is 4302 - 22?
4230
In base 12, what is 1a + -1723?
-1705
In base 13, what is 6 + -8960?
-8957
In base 16, what is -d7 + 2a?
-ad
In base 7, what is 10562 + 204?
11066
In base 5, what is -1 - 143222334?
-143222340
In base 13, what is -10 - 3800?
-3810
In base 5, what is 1343013 - 3?
1343010
In base 5, what is -4 + -12124230?
-12124234
In base 12, what is 79 + 1b8a0?
1b959
In base 11, what is -66 - -8541?
8486
In base 10, what is -510921 + 9?
-510912
In base 13, what is 274 + -a5?
19c
In base 15, what is -5 - -18d01?
18ceb
In base 2, what is -1001110001000 - -100100001?
-1001001100111
In base 12, what is 1 - -a5575?
a5576
In base 14, what is a0 - -b6?
176
In base 8, what is -3 + 113435?
113432
In base 12, what is -11bb + a?
-11b1
In base 8, what is 4600076 + 1?
4600077
In base 6, what is 23223 - -4?
23231
In base 9, what is 2 + -12437?
-12435
In base 11, what is 4017 - 37?
3a90
In base 13, what is 17 - -57c5?
580c
In base 2, what is -100110 - -100111010?
100010100
In base 11, what is 1a3126 + -4?
1a3122
In base 2, what is -10 + 11010001011001?
11010001010111
In base 7, what is 5141 - 21?
5120
In base 7, what is 1 - -46541?
46542
In base 13, what is 715 + a?
722
In base 2, what is 11100001111100010101 - -101?
11100001111100011010
In base 8, what is -2 - 525676?
-525700
In base 15, what is 23bc5b - 0?
23bc5b
In base 2, what is -100100001 - 101100110?
-1010000111
In base 5, what is -10 + -3403033?
-3403043
In base 4, what is 13013 - 1222123?
-1203110
In base 2, what is -1000111101110101110 - -10?
-1000111101110101100
In base 4, what is 203 - 10321010?
-10320201
In base 7, what is -2656 + 653?
-2003
In base 16, what is -1 - -2697?
2696
In base 3, what is -21002122021 - 21?
-21002122112
In base 5, what is -34 - 34111?
-34200
In base 5, what is -2 - -4232003?
4232001
In base 11, what is -122 - 11346?
-11468
In base 10, what is -10 - 5162?
-5172
In base 10, what is 4 - -737399?
737403
In base 16, what is e9ce1 - 4?
e9cdd
In base 4, what is 1300221 - -1033?
1301320
In base 12, what is 3b - 4126?
-40a7
In base 7, what is 2 + -2422332?
-2422330
In base 2, what is 111011111101101 - 11010?
111011111010011
In base 14, what is 1186a - -7?
11873
In base 9, what is -2 + 27510?
27507
In base 16, what is 2296 + -3?
2293
In base 5, what is -111220 + -4032?
-120302
In base 6, what is 0 - 54501?
-54501
In base 15, what is 54a5 + -3?
54a2
In base 2, what is -110 - 10011110110010?
-10011110111000
In base 5, what is -12010231 + 1?
-12010230
In base 10, what is -8 + 28906?
28898
In base 11, what is -114a - 66?
-1205
In base 4, what is 2331100 + -23?
2331011
In base 11, what is 322 + 343a?
3761
In base 9, what is 432511 - 18?
432482
In base 16, what is -10 - -65f2?
65e2
In base 12, what is 4702 + -a?
46b4
In base 4, what is 1 - 322322312?
-322322311
In base 11, what is 3 - 19a05?
-19a02
In base 2, what is 11001011101 + 101000101101?
1000010001010
In base 12, what is 7 + 2b294?
2b29b
In base 16, what is -83bed - -1?
-83bec
In base 10, what is -12458 + -237?
-12695
In base 16, what is 258 - 969?
-711
In base 2, what is -11000000000 + -110?
-11000000110
In base 10, what is -22724 - 0?
-22724
In base 9, what is -6247 - 1?
-6248
In base 13, what is -a25 + a1?
-954
In base 15, what is 6e6b8 + 4?
6e6bc
In base 13, what is 3 + -b8765?
-b8762
In base 16, what is 0 + 1553?
1553
In base 15, what is 763 - -75?
7d8
In base 13, what is 2 - 91a5?
-91a3
In base 8, what is 1 + 2675402?
2675403
In base 12, what is 3 - -116b?
1172
In base 14, what is b673 + -2?
b671
In base 6, what is -15040 - -4?
-15032
In base 12, what is 4 - -122bb?
12303
In base 8, what is -513 + -11?
-524
In base 3, what is -12 - 200221220211?
-200221221000
In base 11, what is -7936 - 0?
-7936
In base 9, what is 4566021 + -5?
4566015
In base 7, what is -1261555 + 0?
-1261555
In base 15, what is 5dda + -26?
5db4
In base 11, what is 457 + 189?
635
In base 12, what is 1069 + -1a?
104b
In base 7, what is -3 - 65100?
-65103
In base 9, what is 6687 + -3?
6684
In base 14, what is 2 - 2bc11?
-2bc0d
In base 4, what is 1020013332 + 10?
1020020002
In base 12, what is 46a79 - -4?
46a81
In base 16, what is -1 + 2dcb0?
2dcaf
In base 9, what is 400523 + -3?
400520
In base 14, what is 5 + -104677?
-104672
In base 5, what is 12043 - -11?
12104
In base 9, what is 3405 + -1052?
2343
In base 10, what is -10 + 140?
130
In base 5, what is 14421 - -110?
20031
In base 13, what is -73 - b37?
-baa
In base 6, what is 1 + -103040?
-103035
In base 13, what is -3 + 190c?
1909
In base 15, what is 15a073 - 0?
15a073
In base 6, what is -5 - -13452034?
13452025
In base 15, what is 49 + dbe?
e18
In base 5, what is 4 - -132144313?
132144322
In base 10, what is 160911 - 2?
160909
In base 5, what is -1140344 - -1?
-1140343
In base 11, what is 29230a - 1?
292309
In base 3, what is -1022110 + -1212?
-1101022
In base 6, what is -1243340 - -2?
-1243334
In base 15, what is 214 + -e1?
123
In base 13, what is -16 + 16670?
16657
In base 8, what is 4466 - 23?
4443
In base 14, what is 26 - -68?
90
In base 3, what is -202210 + -122?
-210102
In base 14, what is -11318 - -3?
-11315
In base 5, what is -10 + 142142223?
142142213
In base 2, what is -1100111000 + 11101?
-1100011011
In base 6, what is 2 - -3241?
3243
In base 10, what is 5671 + -336?
5335
In base 12, what is -6b + 2962?
28b3
In base 12, what is -34 - b35?
-b69
In base 6, what is 21434 + 10342?
32220
In base 8, what is 271226 - 3?
271223
In base 10, what is 7729 + 338?
8067
In base 15, what is c9 + -4e?
7a
In base 16, what is -73 + 13cb?
1358
In base 14, what is 5 - -ab8?
abd
In base 10, what is -5140 - 6?
-5146
In base 9, what is -187 + -602?
-800
In base 4, what is -221300132 + 11?
-221300121
In base 15, what is eec2c + 2?
eec2e
In base 9, what is -40 - 206127?
-206167
In base 7, what is 1613054 - 3?
1613051
In base 10, what is 1495 - 30?
1465
In base 14, what is -37 - 8b83?
-8bba
In base 12, what is 196 - 2?
194
In base 8, what is -13 - 156?
-171
In base 5, what is 30 - -14331?
14411
In base 9, what is 34651 + -4?
34646
In base 9, what is 237 + 32?
270
In base 6, what is -2521 - 44?
-3005
In base 6, what is -14 + 22212?
22154
In base 13, what is -1b87 - 2?
-1b89
In base 12, what is 38 + 133b4?
13430
In base 6, what is -3 + -1231343?
-1231350
In base 12, what is a52b8 + 3?
a52bb
In base 2, what is -10010010 + -1000011?
-11010101
In base 6, what is 21 - 411255?
-411234
In base 7, what is -2065 + -563?
-2661
In base 8, what is -12641 - 133?
-12774
In base 4, what is -10 - 2213320?
-2213330
In base 4, what is 303 - -12011?
12320
In base 4, what is 3 - -12211223021?
12211223030
In base 15, what is 10 + b1bc?
b1cc
In base 10, what is -1473 + -1?
-1474
In base 4, what is 1012 - -2020?
3032
In base 2, what is 1110001101011 + 110100101?
1111000010000
In base 8, what is -12306 - 63?
-12371
In base 8, what is 404 - 2655?
-2251
In base 8, what is 14766 + 42?
15030
In base 12, what is -35a0 - 121?
-3701
In base 3, what is 2002100 + -120010?
1112020
In base 16, what is -33 - edf?
-f12
In base 12, what is -1ba477 + 5?
-1ba472
In base 9, what is -73156 - 4?
-73161
In base 4, what is -33021020 + -2?
-33021022
In base 4, what is -13 - -2121301?
2121222
In base 15, what is e4b + 4?
e50
In base 4, what is 22020200211 + 3?
22020200220
In base 10, what is 5698 + -56?
5642
In base 8, what is 102117 + -2?
102115
In base 14, what is a55 + -b9?
97a
In base 2, what is -1101111111000001 + 100?
-1101111110111101
In base 8, what is -5 - -536275?
536270
In base 16, what is 2 - 142cd?
-142cb
In base 9, what is 3 + 342776?
34